85731?
3, 228577
List the prime factors of 5508078.
2, 3, 53, 17321
What are the prime factors of 109892?
2, 83, 331
What are the prime factors of 55828?
2, 17, 821
List the prime factors of 8551521.
3, 11, 28793
What are the prime factors of 178197?
3, 59399
What are the prime factors of 1529936?
2, 95621
What are the prime factors of 1034866?
2, 7, 193, 383
List the prime factors of 2459032.
2, 61, 5039
What are the prime factors of 6489919?
73, 88903
What are the prime factors of 26365128?
2, 3, 31, 35437
List the prime factors of 574793.
23, 67, 373
What are the prime factors of 2355385?
5, 67, 79, 89
What are the prime factors of 25168?
2, 11, 13
What are the prime factors of 358385?
5, 229, 313
What are the prime factors of 2061602?
2, 1030801
List the prime factors of 2492745.
3, 5, 166183
List the prime factors of 9588884.
2, 17, 23, 6131
What are the prime factors of 23111277?
3, 7, 19, 57923
What are the prime factors of 1708169?
1708169
List the prime factors of 2787523.
47, 127, 467
What are the prime factors of 1257482?
2, 37, 16993
List the prime factors of 111802.
2, 55901
List the prime factors of 618720.
2, 3, 5, 1289
List the prime factors of 260128.
2, 11, 739
List the prime factors of 2298380.
2, 5, 7, 16417
What are the prime factors of 965970?
2, 3, 5, 10733
What are the prime factors of 29278246?
2, 14639123
List the prime factors of 11146385.
5, 2229277
What are the prime factors of 3832563?
3, 7, 182503
What are the prime factors of 320709?
3, 106903
What are the prime factors of 150951?
3, 67, 751
What are the prime factors of 5815242?
2, 3, 269, 1201
List the prime factors of 2810494.
2, 1405247
What are the prime factors of 1202192?
2, 227, 331
List the prime factors of 2583245.
5, 7, 23, 3209
List the prime factors of 6326200.
2, 5, 47, 673
List the prime factors of 12209500.
2, 5, 24419
What are the prime factors of 377055?
3, 5, 7, 19
List the prime factors of 4144081.
4144081
List the prime factors of 1565205.
3, 5, 104347
What are the prime factors of 1535023?
7, 31327
What are the prime factors of 9984617?
53, 188389
What are the prime factors of 2901745?
5, 7, 11, 7537
List the prime factors of 165071.
23, 7177
List the prime factors of 305903.
13, 23531
List the prime factors of 9144418.
2, 73, 62633
List the prime factors of 22588.
2, 5647
What are the prime factors of 1682610?
2, 3, 5, 56087
List the prime factors of 122047.
31, 127
What are the prime factors of 435626?
2, 139, 1567
What are the prime factors of 23837322?
2, 3, 307, 12941
List the prime factors of 1683299.
1683299
What are the prime factors of 613092?
2, 3, 19, 2689
What are the prime factors of 10726061?
2579, 4159
What are the prime factors of 8342254?
2, 19, 219533
List the prime factors of 25242045.
3, 5, 53, 31751
What are the prime factors of 2626475?
5, 31, 3389
What are the prime factors of 4570304?
2, 71411
List the prime factors of 19083684.
2, 3, 211, 7537
List the prime factors of 248647.
7, 35521
What are the prime factors of 806007?
3, 173, 1553
List the prime factors of 6443225.
5, 97, 2657
List the prime factors of 3174291.
3, 17, 20747
List the prime factors of 4171975.
5, 109, 1531
List the prime factors of 1650584.
2, 13, 59, 269
What are the prime factors of 454257?
3, 17, 2969
What are the prime factors of 6387070?
2, 5, 17, 37571
What are the prime factors of 4729288?
2, 591161
List the prime factors of 317245.
5, 67, 947
List the prime factors of 2612799.
3, 7, 67, 619
List the prime factors of 9140479.
9140479
What are the prime factors of 10651537?
13, 17, 48197
List the prime factors of 2571058.
2, 7, 67, 2741
What are the prime factors of 113658?
2, 3, 19, 997
What are the prime factors of 2407426?
2, 7, 61, 2819
What are the prime factors of 293849?
31, 9479
What are the prime factors of 55362?
2, 3, 9227
List the prime factors of 953123.
139, 6857
What are the prime factors of 27203?
11, 2473
List the prime factors of 14600072.
2, 397, 4597
List the prime factors of 3393064.
2, 17, 61, 409
What are the prime factors of 31921?
137, 233
List the prime factors of 222753.
3, 41, 1811
List the prime factors of 526356.
2, 3, 14621
What are the prime factors of 1167520?
2, 5, 7297
What are the prime factors of 298795?
5, 7, 8537
List the prime factors of 2009665.
5, 7, 67, 857
List the prime factors of 659146.
2, 67, 4919
List the prime factors of 1535020.
2, 5, 23, 47, 71
What are the prime factors of 2807016?
2, 3, 116959
List the prime factors of 4942258.
2, 953, 2593
List the prime factors of 194294.
2, 19, 5113
What are the prime factors of 817644?
2, 3, 61, 1117
What are the prime factors of 177628?
2, 11, 367
List the prime factors of 434881.
434881
What are the prime factors of 1663144?
2, 7, 17, 1747
What are the prime factors of 11696040?
2, 3, 5, 53, 613
List the prime factors of 2021683.
113, 17891
What are the prime factors of 10432197?
3, 19, 61007
List the prime factors of 2332341.
3, 11, 7853
What are the prime factors of 6386428?
2, 1231, 1297
What are the prime factors of 1924103?
331, 5813
List the prime factors of 425385.
3, 5, 23, 137
What are the prime factors of 1560596?
2, 23, 16963
What are the prime factors of 6091539?
3, 2030513
List the prime factors of 10713972.
2, 3, 31, 83, 347
List the prime factors of 226264.
2, 28283
What are the prime factors of 3992487?
3, 131, 10159
What are the prime factors of 4568327?
4568327
List the prime factors of 1408456.
2, 7, 3593
What are the prime factors of 370962?
2, 3, 37, 557
List the prime factors of 271539.
3, 89, 113
List the prime factors of 687704.
2, 31, 47, 59
List the prime factors of 4950721.
313, 15817
What are the prime factors of 3068033?
191, 16063
What are the prime factors of 2462145?
3, 5, 7, 131, 179
What are the prime factors of 1043844?
2, 3, 37, 2351
List the prime factors of 2912166.
2, 3, 199, 271
List the prime factors of 244999.
337, 727
What are the prime factors of 16381341?
3, 1229, 1481
List the prime factors of 6465934.
2, 197, 16411
List the prime factors of 259351.
167, 1553
What are the prime factors of 17055?
3, 5, 379
What are the prime factors of 288127?
7, 41161
List the prime factors of 473645.
5, 43, 2203
List the prime factors of 387953.
387953
List the prime factors of 478155.
3, 5, 127, 251
What are the prime factors of 40119?
3, 43, 311
List the prime factors of 1679353.
13, 19, 523
What are the prime factors of 148535?
5, 61, 487
List the prime factors of 193043.
193043
List the prime factors of 10493.
7, 1499
What are the prime factors of 257844?
2, 3, 21487
What are the prime factors of 119753?
31, 3863
What are the prime factors of 721582?
2, 17, 19, 1117
What are the prime factors of 3648149?
17, 53, 4049
What are the prime factors of 1284689?
7, 183527
What are the prime factors of 3264218?
2, 1632109
List the prime factors of 6869382.
2, 3, 13, 88069
List the prime factors of 145149.
3, 48383
List the prime factors of 468600.
2, 3, 5, 11, 71
List the prime factors of 142491.
3, 47497
List the prime factors of 3017494.
2, 47, 683
List the prime factors of 1716441.
3, 19, 30113
List the prime factors of 593228.
2, 43, 3449
List the prime factors of 3253731.
3, 13, 19, 4391
List the prime factors of 499435.
5, 59, 1693
List the prime factors of 7378.
2, 7, 17, 31
What are the prime factors of 332624?
2, 20789
List the prime factors of 886912.
2, 13, 41
List the prime factors of 4824783.
3, 536087
List the prime factors of 7813149.
3, 17, 239, 641
List the prime factors of 115540.
2, 5, 53, 109
List the prime factors of 1005638.
2, 502819
List the prime factors of 14801293.
13, 683, 1667
List the prime factors of 2391721.
2391721
List the prime factors of 6988477.
47, 148691
What are the prime factors of 9279409?
491, 18899
List the prime factors of 285621.
3, 7, 29, 67
List the prime factors of 25641621.
3, 19, 113, 1327
What are the prime factors of 174473?
13, 13421
List the prime factors of 183156.
2, 3, 15263
What are the prime factors of 325708?
2, 107, 761
List the prime factors of 113039.
113039
List the prime factors of 379594.
2, 189797
What are the prime factors of 255498?
2, 3, 97, 439
What are the prime factors of 137806?
2, 68903
List the prime factors of 959569.
13, 223, 331
What are t